06?
2, 13, 1266731
List the prime factors of 19385633.
31, 625343
List the prime factors of 134824126.
2, 271, 248753
List the prime factors of 3745318999.
29, 139, 929129
What are the prime factors of 49695745?
5, 11, 43, 21013
What are the prime factors of 4253671?
4253671
List the prime factors of 2110519.
2110519
List the prime factors of 152274201.
3, 31, 1637357
What are the prime factors of 55167581?
7, 43, 26183
List the prime factors of 47833357.
11, 13, 47, 647
What are the prime factors of 5686038934?
2, 281, 10117507
What are the prime factors of 2185438800?
2, 3, 5, 163, 11173
What are the prime factors of 1333581?
3, 444527
What are the prime factors of 39640634?
2, 11, 17, 83, 1277
What are the prime factors of 20237460?
2, 3, 5, 337291
What are the prime factors of 2645111482?
2, 13, 59, 103, 16741
List the prime factors of 70355291.
347, 202753
List the prime factors of 120842407.
7, 37, 466573
List the prime factors of 816458262.
2, 3, 136076377
List the prime factors of 334512343.
11, 1499, 20287
List the prime factors of 32424041.
13, 2494157
What are the prime factors of 38161428?
2, 3, 991, 3209
What are the prime factors of 427585721?
427585721
What are the prime factors of 1174787390?
2, 5, 7, 29, 383, 1511
What are the prime factors of 1642447941?
3, 97, 2341, 2411
What are the prime factors of 63593971?
7, 89, 102077
What are the prime factors of 58555542?
2, 3, 9759257
List the prime factors of 1694503421.
13, 130346417
What are the prime factors of 4466647824?
2, 3, 1993, 46691
List the prime factors of 48975220.
2, 5, 7, 353, 991
What are the prime factors of 136790622?
2, 3, 29, 262051
List the prime factors of 2659675713.
3, 886558571
What are the prime factors of 26574614?
2, 11, 23, 29, 1811
List the prime factors of 4046683593.
3, 19, 823, 86263
List the prime factors of 171365376.
2, 3, 7, 13, 613
List the prime factors of 211553259.
3, 70517753
List the prime factors of 3189659292.
2, 3, 88601647
List the prime factors of 4229605809.
3, 11, 13, 641, 1709
List the prime factors of 3601574858.
2, 7, 787, 326881
List the prime factors of 659923442.
2, 17, 281, 69073
List the prime factors of 994374248.
2, 7, 389, 6521
What are the prime factors of 2149045146?
2, 3, 59, 797, 2539
List the prime factors of 1661180066.
2, 7, 13, 127, 10267
List the prime factors of 735340987.
31, 23720677
What are the prime factors of 665418011?
727, 1259
What are the prime factors of 81766289?
11, 7433299
List the prime factors of 3128742734.
2, 13, 9721, 12379
List the prime factors of 457660105.
5, 7, 383, 34141
List the prime factors of 83491441.
11, 1973, 3847
What are the prime factors of 53757190?
2, 5, 47, 114377
What are the prime factors of 1583744405?
5, 316748881
List the prime factors of 7793620.
2, 5, 347, 1123
What are the prime factors of 967672662?
2, 3, 11, 14661707
What are the prime factors of 17258213?
7, 17, 19, 449
What are the prime factors of 404305188?
2, 3, 7, 1259, 3823
What are the prime factors of 38325802?
2, 521, 36781
List the prime factors of 758081825.
5, 30323273
What are the prime factors of 3229870?
2, 5, 7, 46141
List the prime factors of 454707881.
10867, 41843
What are the prime factors of 141187249?
7, 107, 251, 751
List the prime factors of 37234528.
2, 19, 47, 1303
List the prime factors of 88967052.
2, 3, 17, 47, 1031
List the prime factors of 557620254.
2, 3, 41, 251861
List the prime factors of 1707270681.
3, 569090227
List the prime factors of 7527948501.
3, 293, 1811, 4729
What are the prime factors of 32415570?
2, 3, 5, 11, 137, 239
What are the prime factors of 1947586880?
2, 5, 6086209
List the prime factors of 122531992.
2, 11, 373, 3733
List the prime factors of 770027049.
3, 11, 7778051
What are the prime factors of 30435878?
2, 11, 1383449
What are the prime factors of 27439299?
3, 23, 71, 1867
What are the prime factors of 7148033?
317, 22549
List the prime factors of 1871677826.
2, 13003, 71971
List the prime factors of 57994714.
2, 89, 325813
List the prime factors of 1006888700.
2, 5, 29, 53, 6551
What are the prime factors of 1329763065?
3, 5, 88650871
What are the prime factors of 881531000?
2, 5, 7, 125933
List the prime factors of 188047586.
2, 23, 4087991
What are the prime factors of 869999483?
21937, 39659
List the prime factors of 183955670.
2, 5, 18395567
What are the prime factors of 35411013?
3, 11, 3613
List the prime factors of 1758416995.
5, 351683399
List the prime factors of 72650908.
2, 11, 19, 43, 47
What are the prime factors of 268456407?
3, 151, 241, 2459
List the prime factors of 26360818.
2, 11, 108929
List the prime factors of 2581761136.
2, 37, 47, 92789
What are the prime factors of 137755933?
7, 547, 35977
List the prime factors of 632859340.
2, 5, 17, 1861351
What are the prime factors of 297972755?
5, 109, 546739
What are the prime factors of 155225705?
5, 97, 320053
List the prime factors of 95098312.
2, 349, 34061
What are the prime factors of 336076722?
2, 3, 421, 14783
List the prime factors of 180307845.
3, 5, 37, 108293
What are the prime factors of 9146257?
101, 137, 661
What are the prime factors of 272917078?
2, 7, 167, 116731
What are the prime factors of 22082844?
2, 3, 7, 151, 1741
What are the prime factors of 1125398751?
3, 1033, 363149
List the prime factors of 42469420.
2, 5, 7, 61, 4973
List the prime factors of 13595419.
13595419
What are the prime factors of 52733860?
2, 5, 173, 15241
List the prime factors of 352929097.
313, 317, 3557
List the prime factors of 37715667.
3, 11, 47, 24317
List the prime factors of 841941000.
2, 3, 5, 31183
What are the prime factors of 91429158?
2, 3, 15238193
What are the prime factors of 5877484092?
2, 3, 19, 954757
List the prime factors of 114213904.
2, 7, 145681
What are the prime factors of 678182645?
5, 7, 19376647
List the prime factors of 16810792.
2, 23, 211, 433
What are the prime factors of 2162289530?
2, 5, 216228953
List the prime factors of 348745700.
2, 5, 179, 19483
What are the prime factors of 600305541?
3, 11, 18191077
What are the prime factors of 587310740?
2, 5, 29365537
What are the prime factors of 40782049?
7, 11, 529637
List the prime factors of 3226616535.
3, 5, 215107769
List the prime factors of 1356409284.
2, 3, 47, 53, 45377
What are the prime factors of 5266100906?
2, 11, 239368223
What are the prime factors of 25031340?
2, 3, 5, 59, 2357
What are the prime factors of 245758462?
2, 127, 857, 1129
What are the prime factors of 28296906?
2, 3, 11, 428741
What are the prime factors of 27039909?
3, 13, 277, 2503
What are the prime factors of 40652320?
2, 5, 41, 6197
List the prime factors of 25942605.
3, 5, 13, 133039
What are the prime factors of 241505863?
241505863
What are the prime factors of 840399753?
3, 280133251
List the prime factors of 118384211.
11, 47, 228983
List the prime factors of 69972161.
7, 587, 17029
List the prime factors of 36604308.
2, 3, 13, 41, 59, 97
List the prime factors of 2657613614.
2, 23, 163, 354443
List the prime factors of 3016735377.
3, 163, 6169193
What are the prime factors of 140873875?
5, 1126991
What are the prime factors of 45604820?
2, 5, 29, 61, 1289
What are the prime factors of 73264126?
2, 13, 53, 79, 673
List the prime factors of 1151233108.
2, 287808277
What are the prime factors of 27567191?
167, 383, 431
List the prime factors of 110166774.
2, 3, 43, 311, 1373
What are the prime factors of 585477375?
3, 5, 7, 29, 7691
List the prime factors of 617993098.
2, 4597, 67217
What are the prime factors of 90088051?
431, 209021
What are the prime factors of 681087512?
2, 7, 311, 39107
List the prime factors of 1086125416.
2, 5347, 25391
List the prime factors of 59576528.
2, 11, 30773
What are the prime factors of 44061519?
3, 14687173
What are the prime factors of 786601605?
3, 5, 41, 1279027
List the prime factors of 84823006.
2, 31, 389, 3517
List the prime factors of 44352023.
19, 2334317
List the prime factors of 109840666.
2, 13, 97, 449
What are the prime factors of 258257015?
5, 2731, 18913
List the prime factors of 276934923.
3, 10256849
What are the prime factors of 8018310239?
31, 1481, 174649
List the prime factors of 455202067.
29, 15696623
List the prime factors of 101326126.
2, 11, 19, 22037
What are 